{"id":660,"date":"2025-01-22T16:54:41","date_gmt":"2025-01-22T16:54:41","guid":{"rendered":"https:\/\/fabricacompetenciasfuturo.iscte-iul.pt\/?post_type=courses&#038;p=660"},"modified":"2026-03-17T17:49:19","modified_gmt":"2026-03-17T17:49:19","slug":"integrating-sustainability-into-the-strategy-and-business-model","status":"publish","type":"courses","link":"https:\/\/fabricacompetenciasfuturo.iscte-iul.pt\/pt\/courses\/integrating-sustainability-into-the-strategy-and-business-model\/","title":{"rendered":"Integra\u00e7\u00e3o da Sustentabilidade na Estrat\u00e9gia e no Modelo Empresarial"},"content":{"rendered":"","protected":false},"featured_media":1325,"parent":0,"template":"","meta":{"_acf_changed":false,"footnotes":""},"course_category":[42],"class_list":["post-660","courses","type-courses","status-publish","has-post-thumbnail","hentry","course_category-business-transformation"],"acf":[],"_links":{"self":[{"href":"https:\/\/fabricacompetenciasfuturo.iscte-iul.pt\/pt\/wp-json\/wp\/v2\/courses\/660","targetHints":{"allow":["GET"]}}],"collection":[{"href":"https:\/\/fabricacompetenciasfuturo.iscte-iul.pt\/pt\/wp-json\/wp\/v2\/courses"}],"about":[{"href":"https:\/\/fabricacompetenciasfuturo.iscte-iul.pt\/pt\/wp-json\/wp\/v2\/types\/courses"}],"version-history":[{"count":3,"href":"https:\/\/fabricacompetenciasfuturo.iscte-iul.pt\/pt\/wp-json\/wp\/v2\/courses\/660\/revisions"}],"predecessor-version":[{"id":2193,"href":"https:\/\/fabricacompetenciasfuturo.iscte-iul.pt\/pt\/wp-json\/wp\/v2\/courses\/660\/revisions\/2193"}],"wp:featuredmedia":[{"embeddable":true,"href":"https:\/\/fabricacompetenciasfuturo.iscte-iul.pt\/pt\/wp-json\/wp\/v2\/media\/1325"}],"wp:attachment":[{"href":"https:\/\/fabricacompetenciasfuturo.iscte-iul.pt\/pt\/wp-json\/wp\/v2\/media?parent=660"}],"wp:term":[{"taxonomy":"course_category","embeddable":true,"href":"https:\/\/fabricacompetenciasfuturo.iscte-iul.pt\/pt\/wp-json\/wp\/v2\/course_category?post=660"}],"curies":[{"name":"wp","href":"https:\/\/api.w.org\/{rel}","templated":true}]}}

Integração da Sustentabilidade na Estratégia e no Modelo Empresarial
